ided by 56457.
4
Calculate the remainder when 3214471 is divided by 1071490.
1
What is the remainder when 231013 is divided by 231012?
1
Calculate the remainder when 7492806 is divided by 167.
17
Calculate the remainder when 65993 is divided by 2429.
410
What is the remainder when 3594897 is divided by 69132?
33
Calculate the remainder when 1543866 is divided by 385943.
94
What is the remainder when 183911 is divided by 91379?
1153
Calculate the remainder when 94173 is divided by 444.
45
What is the remainder when 2050594 is divided by 682677?
2563
Calculate the remainder when 29036638 is divided by 5553.
1
Calculate the remainder when 104934 is divided by 3734.
382
Calculate the remainder when 3216950 is divided by 402116.
22
What is the remainder when 898754 is divided by 600?
554
Calculate the remainder when 75850 is divided by 172.
170
Calculate the remainder when 201050772 is divided by 3.
0
What is the remainder when 287261 is divided by 497?
492
Calculate the remainder when 612194 is divided by 203.
149
What is the remainder when 85791 is divided by 1942?
343
What is the remainder when 289765 is divided by 2685?
2470
Calculate the remainder when 372409 is divided by 408.
313
What is the remainder when 405258 is divided by 6862?
400
Calculate the remainder when 44922 is divided by 1233.
534
What is the remainder when 2305169 is divided by 576161?
525
What is the remainder when 881966 is divided by 25920?
686
What is the remainder when 423840 is divided by 332?
208
What is the remainder when 12204416 is divided by 770?
686
What is the remainder when 1170608 is divided by 7362?
50
Calculate the remainder when 34599171 is divided by 5766527.
9
Calculate the remainder when 3392 is divided by 1891.
1501
What is the remainder when 5883587 is divided by 2345?
2327
Calculate the remainder when 30526131 is divided by 674.
671
What is the remainder when 1879164 is divided by 1566?
1530
Calculate the remainder when 122460 is divided by 2074.
94
Calculate the remainder when 28597874 is divided by 746.
710
Calculate the remainder when 581872334 is divided by 2218.
2214
Calculate the remainder when 195210 is divided by 5058.
3006
What is the remainder when 773605 is divided by 9320?
45
What is the remainder when 11844 is divided by 10923?
921
What is the remainder when 3533770 is divided by 114?
112
Calculate the remainder when 55250 is divided by 27457.
336
Calculate the remainder when 209275881 is divided by 16.
9
Calculate the remainder when 2785834 is divided by 1451.
1365
What is the remainder when 271917 is divided by 60?
57
Calculate the remainder when 193727 is divided by 64482.
281
Calculate the remainder when 150339489 is divided by 14.
13
What is the remainder when 1845300 is divided by 814?
776
Calculate the remainder when 3351664 is divided by 1675587.
490
Calculate the remainder when 3258828 is divided by 60347.
90
Calculate the remainder when 5047065 is divided by 2740.
2725
What is the remainder when 15445 is divided by 3524?
1349
What is the remainder when 57357 is divided by 28656?
45
Calculate the remainder when 9664 is divided by 420.
4
What is the remainder when 57269280 is divided by 19?
12
What is the remainder when 29421963 is divided by 840627?
18
Calculate the remainder when 18588 is divided by 6139.
171
What is the remainder when 592420 is divided by 2730?
10
What is the remainder when 599983 is divided by 353?
236
What is the remainder when 31232 is divided by 380?
72
Calculate the remainder when 5149757 is divided by 19.
16
Calculate the remainder when 98281 is divided by 18083.
7866
Calculate the remainder when 25162557 is divided by 576.
573
Calculate the remainder when 3101060 is divided by 36483.
5
Calculate the remainder when 978207 is divided by 978199.
8
What is the remainder when 93844 is divided by 31269?
37
Calculate the remainder when 2563669 is divided by 1281824.
21
Calculate the remainder when 1417067 is divided by 32947.
346
What is the remainder when 546811 is divided by 1372?
755
What is the remainder when 125522 is divided by 884?
878
Calculate the remainder when 1145543 is divided by 222.
23
Calculate the remainder when 1713222 is divided by 11897.
54
What is the remainder when 3492286 is divided by 100?
86
Calculate the remainder when 8938662 is divided by 812605.
7
Calculate the remainder when 524572 is divided by 312.
100
Calculate the remainder when 197386 is divided by 759.
46
What is the remainder when 2284751 is divided by 1142025?
701
What is the remainder when 2160890 is divided by 321?
239
What is the remainder when 93232 is divided by 874?
588
What is the remainder when 1168949 is divided by 17711?
23
What is the remainder when 229033 is divided by 749?
588
What is the remainder when 8806 is divided by 3635?
1536
Calculate the remainder when 1261765 is divided by 4096.
197
What is the remainder when 46833 is divided by 6667?
164
What is the remainder when 50631 is divided by 16439?
1314
What is the remainder when 340358 is divided by 109360?
12278
Calculate the remainder when 52540690 is divided by 58.
56
Calculate the remainder when 1406031 is divided by 4390.
1231
What is the remainder when 41801 is divided by 7130?
6151
What is the remainder when 687201 is divided by 2875?
76
What is the remainder when 1823133 is divided by 501?
495
Calculate the remainder when 471752 is divided by 196.
176
Calculate the remainder when 235732 is divided by 9059.
198
Calculate the remainder when 5205755 is divided by 399.
2
What is the remainder when 12681678 is divided by 81817?
43
What is the remainder when 419899 is divided by 484?
271
Calculate the remainder when 76992 is divided by 3313.
793
What is the remainder when 130650 is divided by 451?
311
What is the remainder when 14831628 is divided by 180?
168
Calculate the remainder when 14957589 is divided by 8.
5
What is the remainder when 29416720 is divided by 22002?
46
What is the remainder when 247618023 is divided by 9701?
9699
Calculate the remainder when 1924461 is divided by 962227.
7
Calculate the remainder when 154703020 is divided by 21.
10
What is the remainder when 4450459 is divided by 1207?
250
Calculate the remainder when 524762 is divided by 1715.
1687
Calculate the remainder when 6435 is divided by 2500.
1435
Calculate the remainder when 105534209 is divided by 322.
319
Calculate the remainder when 49253080 is divided by 3581.
6
Calculate the remainder when 81147 is divided by 6241.
14
Calculate the remainder when 40856676 is divided by 87.
84
What is the remainder when 4531948 is divided by 131?
3
What is the remainder when 2778568 is divided by 270?
268
What is the remainder when 6673940 is divided by 185387?
8
Calculate the remainder when 20266919 is divided by 684.
683
Calculate the remainder when 19708257 is divided by 660.
657
What is the remainder when 46619405 is divided by 6261?
6260
What is the remainder when 2960269 is divided by 328918?
7
Calculate the remainder when 2693490 is divided by 107.
86
What is the remainder when 35289637 is divided by 80?
37
Calculate the remainder when 913736906 is divided by 49.
47
What is the remainder when 28252 is divided by 2052?
1576
Calculate the remainder when 161994 is divided by 40332.
666
What is the remainder when 11212 is divided by 11007?
205
Calculate the remainder when 119213720 is divided by 11.
10
Calculate the remainder when 197120 is divided by 3231.
29
Calculate the remainder when 179277 is divided by 59738.
63
Calculate the remainder when 1414155 is divided by 471327.
174
Calculate the remainder when 1165017 is divided by 7147.
56
Calculate the remainder when 816210 is divided by 8624.
5554
Calculate the remainder when 5484084 is divided by 913996.
108
Calculate the remainder when 46804671 is divided by 4254956.
155
Calculate the remainder when 378870 is divided by 42088.
78
Calculate the remainder when 3192979 is divided by 1982.
1959
What is the remainder when 291974 is divided by 291969?
5
What is the remainder when 16413388 is divided by 63?
61
Calculate the remainder when 52072 is divided by 2462.
370
Calculate the remainder when 190391871 is divided by 6141673.
8
What is the remainder when 860443 is divided by 50614?
5
Calculate the remainder when 15074671 is divid